1
Calculate the remainder when 364 is divided by 183.
181
Calculate the remainder when 14421 is divided by 1013.
239
Calculate the remainder when 8529 is divided by 449.
447
What is the remainder when 98597 is divided by 274?
231
Calculate the remainder when 12603 is divided by 29.
17
Calculate the remainder when 32080 is divided by 31.
26
What is the remainder when 25018 is divided by 44?
26
Calculate the remainder when 22722 is divided by 26.
24
Calculate the remainder when 11681 is divided by 70.
61
What is the remainder when 143612 is divided by 41?
30
Calculate the remainder when 105324 is divided by 105318.
6
What is the remainder when 16920 is divided by 1225?
995
Calculate the remainder when 904920 is divided by 133.
121
What is the remainder when 697 is divided by 302?
93
Calculate the remainder when 2247 is divided by 2216.
31
Calculate the remainder when 7528 is divided by 752.
8
Calculate the remainder when 193272 is divided by 162.
6
What is the remainder when 41992 is divided by 500?
492
What is the remainder when 309005 is divided by 154496?
13
What is the remainder when 175246 is divided by 13479?
19
Calculate the remainder when 6017096 is divided by 253.
250
Calculate the remainder when 5014 is divided by 87.
55
What is the remainder when 372 is divided by 367?
5
Calculate the remainder when 2288 is divided by 256.
240
Calculate the remainder when 224291 is divided by 1376.
3
Calculate the remainder when 10150 is divided by 12.
10
Calculate the remainder when 8989 is divided by 331.
52
What is the remainder when 208762 is divided by 16?
10
Calculate the remainder when 276409 is divided by 211.
210
What is the remainder when 30307 is divided by 14?
11
What is the remainder when 5956 is divided by 84?
76
Calculate the remainder when 3196 is divided by 945.
361
What is the remainder when 9513 is divided by 9495?
18
What is the remainder when 13276 is divided by 4149?
829
What is the remainder when 649 is divided by 412?
237
What is the remainder when 14718 is divided by 278?
262
Calculate the remainder when 29906 is divided by 3320.
26
Calculate the remainder when 548549 is divided by 764.
761
Calculate the remainder when 6412 is divided by 1971.
499
What is the remainder when 17984 is divided by 173?
165
What is the remainder when 47153 is divided by 403?
2
Calculate the remainder when 7739 is divided by 678.
281
Calculate the remainder when 1189731 is divided by 69984.
3
What is the remainder when 544 is divided by 517?
27
What is the remainder when 28797 is divided by 242?
241
What is the remainder when 389565 is divided by 109?
108
Calculate the remainder when 322 is divided by 38.
18
What is the remainder when 200168 is divided by 84?
80
Calculate the remainder when 5236 is divided by 89.
74
Calculate the remainder when 35509 is divided by 86.
77
What is the remainder when 6134 is divided by 154?
128
Calculate the remainder when 9950 is divided by 18.
14
What is the remainder when 95086 is divided by 980?
26
What is the remainder when 42751 is divided by 14229?
64
What is the remainder when 621733 is divided by 229?
227
Calculate the remainder when 454 is divided by 8.
6
Calculate the remainder when 68997 is divided by 20.
17
Calculate the remainder when 863 is divided by 145.
138
What is the remainder when 19603 is divided by 4885?
63
Calculate the remainder when 265240 is divided by 132614.
12
Calculate the remainder when 30210 is divided by 3119.
2139
What is the remainder when 4630 is divided by 524?
438
Calculate the remainder when 1910 is divided by 192.
182
Calculate the remainder when 1765871 is divided by 19.
11
What is the remainder when 191989 is divided by 162?
19
What is the remainder when 21696 is divided by 475?
321
Calculate the remainder when 20779 is divided by 466.
275
What is the remainder when 28280 is divided by 28262?
18
What is the remainder when 44699 is divided by 114?
11
Calculate the remainder when 10698 is divided by 3541.
75
Calculate the remainder when 24850 is divided by 19.
17
What is the remainder when 896 is divided by 280?
56
What is the remainder when 1094239 is divided by 1120?
1119
What is the remainder when 542528 is divided by 401?
376
What is the remainder when 319 is divided by 215?
104
What is the remainder when 16953 is divided by 3947?
1165
Calculate the remainder when 1727 is divided by 321.
122
Calculate the remainder when 1453429 is divided by 73.
72
What is the remainder when 458001 is divided by 659?
655
Calculate the remainder when 3358 is divided by 1082.
112
What is the remainder when 384 is divided by 80?
64
What is the remainder when 7853 is divided by 166?
51
Calculate the remainder when 1064 is divided by 126.
56
What is the remainder when 11648 is divided by 609?
77
What is the remainder when 9918 is divided by 42?
6
Calculate the remainder when 31535 is divided by 13.
10
Calculate the remainder when 9232 is divided by 34.
18
Calculate the remainder when 9097 is divided by 2575.
1372
Calculate the remainder when 19522 is divided by 4871.
38
What is the remainder when 14047 is divided by 146?
31
Calculate the remainder when 8090 is divided by 213.
209
What is the remainder when 69752 is divided by 6973?
22
Calculate the remainder when 105636 is divided by 52818.
0
What is the remainder when 171563 is divided by 133?
126
Calculate the remainder when 19577 is divided by 17.
10
What is the remainder when 14014 is divided by 4651?
61
Calculate the remainder when 20110 is divided by 182.
90
Calculate the remainder when 12902 is divided by 1211.
792
What is the remainder when 512489 is divided by 28471?
11
Calculate the remainder when 2265 is divided by 85.
55
What is the remainder when 1896 is divided by 669?
558
What is the remainder when 4327 is divided by 1428?
43
What is the remainder when 9107 is divided by 651?
644
Calculate the remainder when 10136 is divided by 10128.
8
Calculate the remainder when 657576 is divided by 14.
10
Calculate the remainder when 113870 is divided by 198.
20
What is the remainder when 24744 is divided by 148?
28
What is the remainder when 78428 is divided by 78352?
76
Calculate the remainder when 518570 is divided by 1764.
1718
What is the remainder when 25498 is divided by 622?
618
Calculate the remainder when 489837 is divided by 10.
7
What is the remainder when 13875 is divided by 460?
75
What is the remainder when 21346 is divided by 610?
606
Calculate the remainder when 560016 is divided by 41.
38
What is the remainder when 4368 is divided by 1351?
315
Calculate the remainder when 516346 is divided by 12.
10
What is the remainder when 4189 is divided by 1161?
706
Calculate the remainder when 9542 is divided by 74.
70
What is the remainder when 65124 is divided by 804?
0
Calculate the remainder when 13431 is divided by 1714.
1433
Calculate the remainder when 30060 is divided by 15029.
2
What is the remainder when 58684 is divided by 154?
10
Calculate the remainder when 26099 is divided by 58.
57
What is the remainder when 23611 is divided by 113?
107
What is the remainder when 19214 is divided by 45?
44
Calculate the remainder when 62410 is divided by 529.
517
Calculate the remainder when 29563 is divided by 14772.
19
What is the remainder when 38720 is divided by 38708?
12
What is the remainder when 11544 is divided by 5091?
1362
Calculate the remainder when 132556 is divided by 41.
3
What is the remainder when 1374 is divided by 16?
14
Calculate the remainder when 34392 is divided by 2633.
163
Calculate the remainder when 117996 is divided by 1761.
9
Calculate the remainder when 96431 is divided by 679.
13
What is the remainder when 61024 is divided by 1488?
16
What is the remainder when 1588 is divided by 519?
31
Calculate the remainder when 6629 is divided by 3237.
155
What is the remainder when 19303 is divided by 98?
95
Calculate the remainder when 37784 is divided by 57.
50
Calculate the remainder when 197408 is divided by 21932.
20
Calculate the remainder when 153 is divided by 93.
60
Calculate the remainder when 939984 is divided by 37.
36
Calculate the remainder when 60339 is divided by 1097.
4
Calculate the remainder when 1409 is divided by 676.
57
What is the remainder when 50837 is divided by 289?
262
What is the remai